 multiple of 681?
False
Does 38 divide 62086642?
True
Does 88 divide 200763640?
True
Is 5 a factor of 32607780?
True
Is 606 a factor of 261524754?
True
Does 154 divide 327041484?
True
Is 325558996 a multiple of 3976?
False
Is 164 a factor of 673601464?
True
Is 156 a factor of 33533136?
True
Is 1539522732 a multiple of 15?
False
Is 136 a factor of 180631256?
True
Is 9069 a factor of 280620407?
False
Is 39 a factor of 239804231?
False
Is 14 a factor of 36284668?
True
Is 6 a factor of 1234513260?
True
Is 55964728 a multiple of 497?
False
Is 305724588 a multiple of 7?
False
Is 1839697467 a multiple of 13263?
True
Is 520368768 a multiple of 5940?
False
Does 13 divide 1389252098?
True
Is 4 a factor of 96064475?
False
Does 111 divide 293706?
True
Is 151 a factor of 385891070?
True
Is 2433069942 a multiple of 232?
False
Is 67554036 a multiple of 138?
True
Is 2698831520 a multiple of 110?
True
Does 261 divide 817022916?
True
Is 1006446888 a multiple of 1599?
False
Is 101 a factor of 124801448?
False
Does 299 divide 1581710?
True
Is 199 a factor of 773402356?
True
Is 5 a factor of 4763243?
False
Is 23240356 a multiple of 170?
False
Does 3 divide 305188781?
False
Does 25 divide 290351144?
False
Is 27 a factor of 138043251?
True
Is 23789985 a multiple of 15?
True
Is 5 a factor of 9085483?
False
Is 412706712 a multiple of 64?
False
Does 14 divide 8369494?
True
Does 26 divide 35209330?
True
Does 29 divide 6757721?
False
Is 1314898116 a multiple of 12?
True
Does 332 divide 33796043?
False
Is 167797701 a multiple of 21?
False
Is 89393220 a multiple of 540?
True
Does 184 divide 276394680?
True
Is 20 a factor of 651550606?
False
Is 11522559 a multiple of 3?
True
Is 1339297430 a multiple of 29?
True
Is 46 a factor of 367717146?
True
Is 1117 a factor of 85010402?
True
Is 192 a factor of 27989502?
False
Is 1330311885 a multiple of 133?
True
Is 6 a factor of 352218894?
True
Is 63 a factor of 273226842?
True
Does 184 divide 149455071?
False
Is 38598520 a multiple of 10?
True
Is 1834 a factor of 75206681?
False
Is 1130 a factor of 78764037?
False
Is 2474700240 a multiple of 1860?
True
Is 24495896 a multiple of 11?
False
Is 155391320 a multiple of 47?
False
Does 198 divide 407049390?
True
Is 8 a factor of 9879792?
True
Is 16570967 a multiple of 416?
False
Is 97 a factor of 27977516?
True
Does 18 divide 4779954?
True
Does 4 divide 393061355?
False
Does 13 divide 163444658?
True
Is 230722677 a multiple of 4?
False
Is 171212536 a multiple of 11?
True
Does 62 divide 92831546?
True
Is 14609349 a multiple of 27?
True
Is 31 a factor of 32469899?
False
Is 451 a factor of 415229477?
False
Is 115303002 a multiple of 293?
False
Is 2832863 a multiple of 45?
False
Is 41861040 a multiple of 10?
True
Is 25 a factor of 1974999200?
True
Is 62607138 a multiple of 10?
False
Is 103890120 a multiple of 10?
True
Does 178 divide 63053034?
False
Does 439 divide 38491081?
True
Does 22 divide 116560252?
False
Is 8 a factor of 446464945?
False
Does 15 divide 430440?
True
Does 146 divide 35533149?
False
Is 1167799823 a multiple of 23?
False
Is 208062463 a multiple of 839?
False
Is 16 a factor of 509021?
False
Is 4394498367 a multiple of 21?
True
Is 48318060 a multiple of 60?
True
Is 136 a factor of 165689977?
False
Is 29 a factor of 628816141?
False
Is 696 a factor of 3753528?
True
Is 1068 a factor of 41297424?
True
Is 84848708 a multiple of 1642?
True
Is 19 a factor of 117903588?
True
Is 35 a factor of 16011294?
False
Is 12 a factor of 337335960?
True
Is 372 a factor of 621046180?
False
Is 59 a factor of 6772728?
True
Does 361 divide 2663097425?
False
Does 42 divide 275204706?
True
Is 7962104 a multiple of 8?
True
Is 405902303 a multiple of 39?
False
Is 400748426 a multiple of 14?
False
Is 240 a factor of 855290880?
True
Is 3026 a factor of 35386044?
True
Is 98585204 a multiple of 284?
True
Is 328357122 a multiple of 2238?
True
Is 10967154 a multiple of 3?
True
Is 1179 a factor of 15171660?
False
Does 10 divide 197295565?
False
Does 25 divide 14864925?
True
Is 12163518 a multiple of 48?
False
Is 703 a factor of 10070899?
False
Does 30 divide 20332320?
True
Does 36 divide 1298493794?
False
Is 1465100 a multiple of 26?
True
Is 41 a factor of 185506074?
False
Is 101 a factor of 533771971?
True
Is 142 a factor of 1260178148?
True
Does 8 divide 64703342?
False
Is 10515816 a multiple of 76?
True
Is 60649166 a multiple of 304?
False
Is 2276 a factor of 2685991812?
True
Is 1349 a factor of 25676760?
False
Is 45646302 a multiple of 1538?
True
Is 952832900 a multiple of 176?
False
Does 628 divide 11864630?
False
Is 34 a factor of 19265115?
False
Is 13484292 a multiple of 22?
False
Is 72543816 a multiple of 2104?
True
Is 1457016 a multiple of 11?
True
Does 1013 divide 10848217?
True
Is 245 a factor of 18463445?
True
Is 26272712 a multiple of 916?
True
Does 31 divide 478496174?
False
Is 195072144 a multiple of 5?
False
Does 64 divide 800570665?
False
Does 974 divide 199834768?
False
Is 35020255 a multiple of 247?
False
Does 808 divide 867136434?
False
Is 15 a factor of 225160682?
False
Is 459405870 a multiple of 1983?
False
Does 17 divide 345189301?
True
Is 1737 a factor of 224682687?
True
Does 440 divide 79263215?
False
Is 91725644 a multiple of 29?
False
Does 15 divide 1026820482?
False
Does 6 divide 5095398?
True
Is 98460009 a multiple of 321?
True
Is 57 a factor of 61475504?
False
Is 3766 a factor of 3244427830?
True
Is 41544020 a multiple of 67?
True
Is 5 a factor of 116009131?
False
Is 2094887835 a multiple of 5876?
False
Is 5943263422 a multiple of 29?
True
Is 7 a factor of 448964556?
False
Does 114 divide 16612878?
True
Does 44 divide 41242828?
True
Is 3329 a factor of 610355922?
False
Is 776 a factor of 159523096?
True
Is 152 a factor of 38919448?
True
Does 12 divide 16204368?
True
Does 12 divide 27872256?
True
Does 4 divide 49677661?
False
Does 1937 divide 2627164?
False
Does 681 divide 3307981759?
False
Does 154 divide 502889310?
True
Does 175 divide 22842822?
False
Does 359 divide 26818066?
False
Does 93 divide 541981029?
True
Is 2340 a factor of 588355560?
True
Does 1210 divide 39593859?
False
Is 35 a factor of 1465193100?
True
Is 114587170 a multiple of 136?
False
Does 4 divide 4804872?
True
Does 1326 divide 49360204?
False
Is 4 a factor of 807627411?
False
Is 3896191175 a multiple of 33?
False
Is 11740 a factor of 1250779600?
True
Is 174 a factor of 44950745?
False
Is 519 a factor of 2632337685?
False
Is 68 a factor of 3040808865?
False
Is 2397 a factor of 117903508?
False
Is 179 a factor of 37210520?
True
Is 1003 a factor of 19813262?
True
Is 743 a factor of 757810219?
True
Does 36 divide 1287176004?
True
Does 1471 divide 71578860?
True
Does 63 divide 194677434?
True
Is 515 a factor of 326730317?
False
Is 644 a factor of 568389248?
True
Is 1169165675 a multiple of 4158?
False
Does 15 divide 37282965?
True
Is 1860 a factor of 95179920?
True
Is 123 a factor of 9441972?
True
Is 4546 a factor of 881300276?
False
Is 57 a factor of 6209310789?
True
Does 14 divide 8117426?
False
Is 1440091233 a multiple of 2961?
True
Is 13028169 a multiple of 7?
True
Is 8055285 a multiple of 1432?
False
Does 325 divide 5117872?
False
Does 36 divide 145805040?
True
Does 4 divide 5178764?
True
Is 2202805499 a multiple of 261?
False
Is 73 a factor of 7864443?
False
Is 15 a factor of 111256755?
True
Does 163 divide 1045912483?
True
Does 2057 divide 15546148?
False
Is 720 a factor of 84917428?
False
Does 13 divide 10521812?
False
Does 1116 divide 115759644?
False
Is 4437176 a multiple of 188?
True
Does 462 divide 18207746?
False
Is 285 a factor of 471554445?
True
Is 408 a factor of 42378144?
True
Is 505680289 a multiple of 117?
False
Is 842939375 a multiple of 216?
False
Is 503 a factor of 567673225?
True
Does 2474 divide 4529894?
True
Is 58 a factor of 215207042?
False
Does 8 divide 117781472?
True
Does 3105 divide 219821580?
True
Is 11372064 a multiple of 363?
True
Does 84 divide 2738001168?
True
Is 764726400 a multiple of 2650?
True
Does 78 divide 500020404?
True
Is 11 a factor of 168799785?
True
Is 223321806 a multiple of 6?
True
Is 169 a factor of 3648224?
False
Is 516 a factor of 2183568552?
True
Does 419 divide 34160892?
False
Is 4191 a factor of 242294283?
True
Is 54562781 a multiple of 13?
True
Does 30 di